at is the thousands digit of 3916?
3
What is the hundreds digit of 1233?
2
What is the thousands digit of 27495?
7
What is the thousands digit of 5954?
5
What is the hundreds digit of 2940?
9
What is the thousands digit of 18954?
8
What is the tens digit of 567?
6
What is the units digit of 209?
9
What is the thousands digit of 2897?
2
What is the thousands digit of 13895?
3
What is the units digit of 4981?
1
What is the units digit of 7421?
1
What is the ten thousands digit of 13364?
1
What is the units digit of 46192?
2
What is the thousands digit of 2235?
2
What is the hundred thousands digit of 110184?
1
What is the thousands digit of 2530?
2
What is the tens digit of 25202?
0
What is the hundreds digit of 867?
8
What is the units digit of 2147?
7
What is the ten thousands digit of 26606?
2
What is the units digit of 624?
4
What is the thousands digit of 50668?
0
What is the hundreds digit of 2430?
4
What is the ten thousands digit of 78398?
7
What is the thousands digit of 3629?
3
What is the thousands digit of 1239?
1
What is the hundreds digit of 5841?
8
What is the units digit of 1675?
5
What is the thousands digit of 33837?
3
What is the units digit of 1944?
4
What is the tens digit of 2514?
1
What is the thousands digit of 42547?
2
What is the units digit of 77236?
6
What is the hundreds digit of 49546?
5
What is the units digit of 23137?
7
What is the tens digit of 685?
8
What is the tens digit of 4528?
2
What is the thousands digit of 1086?
1
What is the thousands digit of 11380?
1
What is the thousands digit of 4486?
4
What is the tens digit of 32144?
4
What is the thousands digit of 2053?
2
What is the tens digit of 1851?
5
What is the tens digit of 32208?
0
What is the units digit of 2178?
8
What is the thousands digit of 2927?
2
What is the thousands digit of 1046?
1
What is the tens digit of 82924?
2
What is the tens digit of 11636?
3
What is the thousands digit of 1757?
1
What is the units digit of 20412?
2
What is the ten thousands digit of 27291?
2
What is the thousands digit of 1288?
1
What is the thousands digit of 5609?
5
What is the hundreds digit of 109?
1
What is the tens digit of 3913?
1
What is the hundreds digit of 91410?
4
What is the ten thousands digit of 47806?
4
What is the units digit of 20683?
3
What is the tens digit of 603?
0
What is the hundreds digit of 1971?
9
What is the units digit of 2343?
3
What is the units digit of 5572?
2
What is the hundreds digit of 2386?
3
What is the hundreds digit of 508?
5
What is the thousands digit of 1775?
1
What is the hundreds digit of 1481?
4
What is the thousands digit of 78422?
8
What is the units digit of 9073?
3
What is the hundreds digit of 1518?
5
What is the units digit of 49350?
0
What is the tens digit of 7048?
4
What is the tens digit of 879?
7
What is the hundreds digit of 2251?
2
What is the tens digit of 20179?
7
What is the ten thousands digit of 12637?
1
What is the hundreds digit of 118855?
8
What is the thousands digit of 67629?
7
What is the tens digit of 735?
3
What is the units digit of 35617?
7
What is the units digit of 360?
0
What is the units digit of 39676?
6
What is the units digit of 7905?
5
What is the units digit of 926?
6
What is the hundreds digit of 1890?
8
What is the hundreds digit of 198978?
9
What is the thousands digit of 35424?
5
What is the tens digit of 24976?
7
What is the units digit of 16165?
5
What is the thousands digit of 1280?
1
What is the units digit of 576?
6
What is the units digit of 3694?
4
What is the thousands digit of 1057?
1
What is the hundreds digit of 6243?
2
What is the units digit of 3153?
3
What is the tens digit of 7481?
8
What is the hundreds digit of 783?
7
What is the ten thousands digit of 28232?
2
What is the thousands digit of 2100?
2
What is the thousands digit of 4175?
4
What is the hundreds digit of 1384?
3
What is the hundreds digit of 251?
2
What is the hundreds digit of 36387?
3
What is the tens digit of 10733?
3
What is the tens digit of 1036?
3
What is the units digit of 8019?
9
What is the tens digit of 34350?
5
What is the thousands digit of 9346?
9
What is the hundreds digit of 12222?
2
What is the tens digit of 561?
6
What is the thousands digit of 2007?
2
What is the units digit of 4085?
5
What is the tens digit of 40553?
5
What is the hundreds digit of 25800?
8
What is the hundreds digit of 2153?
1
What is the units digit of 47693?
3
What is the tens digit of 555?
5
What is the tens digit of 517?
1
What is the hundreds digit of 8920?
9
What is the units digit of 23140?
0
What is the tens digit of 30795?
9
What is the thousands digit of 26048?
6
What is the tens digit of 2212?
1
What is the tens digit of 3555?
5
What is the tens digit of 98007?
0
What is the tens digit of 2970?
7
What is the units digit of 4560?
0
What is the units digit of 37174?
4
What is the units digit of 2807?
7
What is the units digit of 28133?
3
What is the units digit of 72661?
1
What is the units digit of 62680?
0
What is the tens digit of 40759?
5
What is the hundreds digit of 1255?
2
What is the hundreds digit of 18900?
9
What is the hundreds digit of 869?
8
What is the hundreds digit of 16900?
9
What is the units digit of 947?
7
What is the tens digit of 631?
3
What is the thousands digit of 144649?
4
What is the units digit of 2807?
7
What is the thousands digit of 2081?
2
What is the units digit of 82046?
6
What is the tens digit of 620?
2
What is the tens digit of 39091?
9
What is the tens digit of 209?
0
What is the units digit of 330?
0
What is the hundreds digit of 33239?
2
What is the tens digit of 51889?
8
What is the hundreds digit of 21762?
7
What is the units digit of 40322?
2
What is the thousands digit of 128215?
8
What is the thousands digit of 21389?
1
What is the hundreds digit of 17941?
9
What is the tens digit of 16914?
1
What is the hundreds digit of 2042?
0
What is the hundreds digit of 9401?
4
What is the hundreds digit of 7276?
2
What is the hundreds digit of 1004?
0
What is the hundreds digit of 1966?
9
What is the units digit of 7792?
2
What is the ten thousands digit of 21746?
2
What is the units digit of 7224?
4
What is the hundreds digit of 3733?
7
What is the units digit of 773?
3
What is the thousands digit of 48089?
8
What is the hundreds digit of 14420?
4
What is the hundreds digit of 1905?
9
What is the tens digit of 1639?
3
What is the tens digit of 355?
5
What is the hundreds digit of 1133?
1
What is the tens digit of 868?
6
What is the hundreds digit of 3091?
0
What is the units digit of 219?
9
What is the hundreds digit of 200?
2
What is the tens digit of 13429?
2
What is the units digit of 14942?
2
What is the hundreds digit of 2246?
2
What is the ten thousands digit of 33302?
3
What is the hundreds digit of 3061?
0
What is the units digit of 8365?
5
What is the units digit of 4652?
2
What is the ten thousands digit of 101061?
0
What is the tens digit of 1066?
6
What is the hundreds digit of 21387?
3
What is the tens digit of 4058?
5
What is the thousands digit of 2270?
2
What is the tens digit of 94?
9
What is the hundreds digit of 5839?
8
What is the units digit of 209?
9
What is the hundreds digit of 30404?
4
What is the tens digit of 972?
7
What is the units digit of 456?
6
What is the units digit of 8222?
2
What is the units digit of 19168?
8
What is the thousands digit of 3748?
3
What is the hundreds digit of 1847?
8
What is the tens digit of 26723?
2
What is the tens digit of 760?
6
What is the hundreds digit of 3640?
6
What is the units digit of 287?
7
What is the hundreds digit of 354?
3
What is the units digit of 940?
0
What is the hundreds digit of 4830?
8
What is the thousands digit of 126091?
6
What is the units digit of 134551?
1
What is the hundreds digit of 3520?
5
What is the hundreds digit of 931?
9
What is the units digit of 4170?
0
What is the units digit of 5536?
6
What is the tens digit of 785?
8
What is the hundreds digit of 2498?
4
What is the thousands digit of 1386?
1
What is the hundreds digit of 2148?
1
What is the units digit of 17367?
7
What is the units digit of 1983?
3
What is the units digit of 2111?
1
What is the units digit of 15542?
2
What is the hundreds digit of 2958?
9
What is the tens digit of 680?
8
What is the tens digit of 1